ate the highest common factor of f and h.
7
Let f = 124 - 119. Let y(m) = 16*m**2 + m. Let a be y(-1). Calculate the highest common factor of a and f.
5
Let g(l) = -4 - 10*l**2 + 3*l**2 + 8*l + l**3 - 5. Let t be g(6). What is the greatest common divisor of 33 and t?
3
Let w(o) = -o**3 + 5*o**2 + 2*o + 6. Let x be w(5). Suppose 0 = -4*j - 4*d + x, 0 = -j + 2*d - 0 + 13. What is the greatest common factor of 14 and j?
7
Let w be -12 - -14 - (-4 + 1 + -2). What is the greatest common divisor of w and 35?
7
Let v(x) = 2*x**2 + 8*x + 3. Let s be v(-6). What is the greatest common divisor of 27 and s?
27
Suppose -1 = -4*c + 3. Suppose 2*m = -c + 17. Calculate the greatest common divisor of 40 and m.
8
Let c(q) = -4 - q + 7 - 2*q + 8*q**2. Let n be c(3). Let w = 11 + -5. Calculate the greatest common factor of n and w.
6
Let m(d) = d**2 - 5*d - 6. Let t be m(5). Let j(k) = k**3 + 6*k**2 - 3*k - 1. Let h be j(t). What is the highest common factor of 187 and h?
17
Let j(s) = -2*s - 13. Let v be j(0). Let q = 20 + v. What is the greatest common divisor of 14 and q?
7
Let o be ((-24)/10 + 2)*-150. Let x(a) = a**3 + 7*a**2 + 8*a + 14. Let d be x(-5). Calculate the highest common divisor of d and o.
12
Suppose 10 - 3 = x. What is the highest common divisor of 49 and x?
7
Let w = 12 - 8. Suppose -7*y = -w*y - 36. Calculate the highest common divisor of y and 18.
6
Let m(k) = 5*k**3 - 7*k**2 + 15*k - 2. Let t be m(3). What is the highest common divisor of t and 46?
23
Let p be (-135)/(-12)*64/(-6). Let n be (-3 + 2)/(2/p). Suppose -f = -a + 12, 6*f = -a + 2*f + 12. What is the highest common factor of a and n?
12
Let p be (4/10)/(2/600). Let r be (18/(-15))/((-2)/80). Calculate the greatest common factor of p and r.
24
Suppose -4*l + 0*p = p - 39, -4*l + 5*p = -69. Let u be (10/4)/(l/22). What is the highest common factor of 1 and u?
1
Let r be 2/8 - (-21)/(-4). Let m = 21 + r. Suppose 5*v + 16 = 7*v. Calculate the greatest common factor of v and m.
8
Let f be (-1)/(-3) + 40/6. What is the highest common divisor of f and 7?
7
Let i be (-317)/(-5) - 6/15. Suppose 5*p = i + 27. What is the greatest common divisor of 9 and p?
9
Suppose 238 - 64 = 2*t. Calculate the highest common divisor of t and 58.
29
Let p = -23 - -26. What is the highest common factor of p and 21?
3
Let p = 1 + 2. Let y be (234/(-27))/((-2)/p). Calculate the greatest common divisor of 143 and y.
13
Suppose -1 = -5*u + 9. What is the highest common factor of 1 and u?
1
Let t be (-1)/(-3) + 9708/36. Suppose -3*n + 4*p + 97 + 88 = 0, -5*n = p - t. Suppose -6*i = -3*i - 66. What is the highest common factor of n and i?
11
Let c(g) = -7*g + 7. Let i be c(-6). Let u = 32 - 20. Let z = u - 5. What is the greatest common divisor of z and i?
7
Suppose -f - 4*v + 18 = 0, -2*f = 2*v - 20 - 4. Suppose 3*c - 41 = -11. What is the greatest common divisor of c and f?
10
Let a be -1 + 6 + -2 - 0. Let y = a + 0. Suppose -250 + 70 = -y*u. What is the greatest common factor of u and 40?
20
Let h = -52 - -78. Let x = -20 + 59. What is the highest common divisor of x and h?
13
Let x = 36 + -7. Suppose -6*i + i = -85. Let m = x - i. Calculate the greatest common factor of 6 and m.
6
Let x = -91 + 168. Let c(z) = z**3 - 6*z**2 + 6*z + 2. Let a be c(5). What is the highest common divisor of a and x?
7
Let r = 91 - 41. Calculate the highest common factor of 10 and r.
10
Suppose -5*x = -2*a - 1 + 19, -4*x - 16 = -2*a. Let v be 17 + (-3 + a - 2). What is the highest common divisor of v and 48?
16
Let m = -88 - -198. Calculate the greatest common factor of m and 22.
22
Suppose 5*s + 27 - 131 = -4*l, 5*l + 4*s = 130. Let v = 172 - -10. What is the highest common divisor of l and v?
26
Suppose q - 12 = -5*f, -3*q + 84 = -4*f - 9. Let h(v) = 4*v - 3. Let i be h(3). What is the greatest common divisor of i and q?
9
Let o(r) = -r**3 - 3*r**2 - 2*r - 8. Let u be o(-4). Calculate the highest common divisor of 40 and u.
8
Let l(n) = 2*n**2 - n + 1. Let p be l(0). Calculate the greatest common factor of 11 and p.
1
Let h(f) = f + 10. Let y be h(-7). Suppose -y*d = 2*d - 90. What is the highest common factor of 27 and d?
9
Let z = 71 - 44. Calculate the highest common divisor of 45 and z.
9
Let r be -1 - -3 - (-4)/(-2). Suppose r = -0*n + 2*n - 374. What is the highest common factor of n and 17?
17
Suppose 3*h - 5*q = -2*h + 75, -2*q = h - 27. Let z = -1 + h. Suppose -11 = -g + 1. Calculate the greatest common divisor of g and z.
6
Let t be 20/(-15)*-6 + 3. Calculate the highest common factor of t and 154.
11
Suppose 24 = 4*w + 8. Let p be 1*4*(5 - 4). Calculate the greatest common factor of p and w.
4
Let d be 27/45 + 474/10. Calculate the highest common divisor of d and 16.
16
Suppose 3*w - 20 = 2*w. Calculate the greatest common factor of w and 100.
20
Let m be (-12)/(-16) + (-701)/(-4). What is the highest common factor of 16 and m?
16
Let z be 0/(1 + -2) + 2. Suppose 5*g = 2*s - 65, 0*s = s + 4*g. Let m be ((-1)/1)/((-4)/s). What is the greatest common divisor of z and m?
1
Suppose -43*n + 45*n = 96. Calculate the highest common divisor of 32 and n.
16
Suppose 3*b = -2*b - 5*h + 95, -b + 4*h - 6 = 0. Calculate the highest common factor of 2 and b.
2
Let d(u) = -3*u - 2. Let y be d(-2). Let f be (-88)/10*(3 - 8). Calculate the highest common factor of y and f.
4
Let h(v) be the second derivative of 3*v + 3/2*v**3 + 0 - v**2. Let q be h(2). Calculate the highest common divisor of q and 2.
2
Let k(a) be the second derivative of a**3/3 - 5*a**2/2 + 3*a. Let y be k(10). What is the greatest common divisor of 15 and y?
15
Suppose -4*o + 22 = -2. Suppose 9 = 3*q - o. Suppose -n + 32 = 4*m - 3*n, q*n = 20. Calculate the highest common factor of 50 and m.
10
Let f = 6 - -24. Calculate the highest common factor of f and 20.
10
Let t(l) = l**2 - l - 5. Let g(c) = c - 5. Let q be g(0). Let m be t(q). Calculate the greatest common factor of m and 75.
25
Let v(h) = -h**3 + 7*h**2 + 3*h - 13. Let y be v(7). Suppose 8 = 3*u + f, 5*u - 2*u - 3*f = 0. Calculate the highest common divisor of y and u.
2
Let d = 1 - -1. Let j = 20 - 10. Let c = j - d. Calculate the highest common factor of 2 and c.
2
Let x = 378 - 257. Suppose -3*l + 15 = 0, a - 10 = -3*a - 2*l. Suppose a*z - 22 = -2*z. Calculate the greatest common divisor of z and x.
11
Let q = 12 - 9. Suppose 5*c = 3*k - 3, q*c + 0*c = 9. What is the highest common factor of k and 2?
2
Let o be (-15)/(-35) + (-306)/(-21). Calculate the greatest common divisor of 3 and o.
3
Let d = 0 + 2. Suppose 0 = 3*i - 5*y - 62, -7*y - 76 = -4*i - d*y. Let v = i - -2. What is the highest common factor of 4 and v?
4
Let w(j) = -j**3 + 2*j**2 + 2*j + 5. Let g be w(0). What is the greatest common factor of 55 and g?
5
Suppose -2*q + 7*q - 110 = 0. Let w(u) = -u**3 + 15*u**2 + 9*u - 47. Let h be w(15). Calculate the greatest common divisor of h and q.
22
Let k(y) = -y - 3. Let s be k(-5). Suppose -o + 38 = -4*v, 0*v - 8 = 2*v. What is the greatest common factor of s and o?
2
Suppose 0 = 2*u - 17 - 1. Suppose -4 = -x + u. Calculate the greatest common factor of 143 and x.
13
Suppose -5*n = 3*m + 2, 30 = -4*m + 3*n + 8. Let g = m + 1. Let k be ((-1)/2)/(g/66). Calculate the greatest common factor of 11 and k.
11
Suppose -5*x = -17 - 118. Suppose -2*l = -5 - 71. Let k = l - x. Calculate the greatest common divisor of 55 and k.
11
Let l(q) = q**3 - 5*q**2 + 2*q + 2. Let o be l(7). Let i = 12 - 5. Let u = 12 + i. What is the highest common divisor of o and u?
19
Let b = 4 + 4. Suppose -5*h - 26 = -y, -3*y - 3*h - 2 = -b. What is the highest common divisor of 9 and y?
3
Let p = 302 + -176. Let h be 4/16 - (-94)/8. Suppose -66 + h = -3*c. What is the highest common divisor of p and c?
18
Suppose 3*j + 48 = 363. Suppose -9 = -2*v + 1. Suppose -v*t + 37 = -38. What is the greatest common divisor of j and t?
15
Let b = -7 + 29. Suppose 15 = 5*d - 20. Suppose -4*x + d*x = 33. What is the highest common factor of x and b?
11
Suppose 0 = 5*t - 9 - 11. Suppose 0 = -t*s, 2*s + 52 + 60 = 4*r. Suppose -12 = -3*a, -4*n - 3*a + 287 + 5 = 0. What is the greatest common factor of n and r?
14
Suppose -5*p - p = -96. What is the greatest common divisor of 176 and p?
16
Let z be (-4)/(-8)*(0 + 6). Suppose -4*p + c = -165, -2*